y + 22. Let j(f) = -6*f - 22. Let x(k) = 6*j(k) + 7*z(k). What is the units digit of x(a)?
2
Suppose 0 = -2*h - 5*j - 21, -3*h - 19 - 30 = 4*j. Suppose -128*v - 6 = -126*v. Let c = v - h. What is the tens digit of c?
2
Suppose a = 5*j + 3*a - 50, 2*j - 9 = -3*a. Let g be 0 - 3/(j/160). What is the tens digit of -1 - 0/4 - g?
3
Let c(k) = -390*k - 97. What is the thousands digit of c(-8)?
3
Suppose -12*h = -17*h + 13565. What is the tens digit of h?
1
Let y(l) = 430*l + 85. What is the hundreds digit of y(3)?
3
What is the thousands digit of (24/14)/(-13*4/(-91546))?
3
Let v = 16 - 13. Suppose 0 = 3*g - 3 - v. What is the units digit of 8/(g - -2) - -3?
5
Suppose -2*g + 10 = 0, 3*f + 135 - 1926 = -6*g. What is the units digit of f?
7
Let c = 31 + -27. Suppose 0 = c*r - 3*r + 2*h - 400, -4*h + 8 = 0. What is the units digit of r/15 - 2/5?
6
Let a = -82 + 49. Let h = -21 - a. What is the tens digit of h?
1
Let j(p) = -96*p + 441. What is the thousands digit of j(-36)?
3
Suppose -3*x = -2*x - 3*z + 118, 4*x + 402 = -2*z. Suppose -514 = 3*a + 2*j, -3*j - 858 = 5*a - j. Let n = x - a. What is the tens digit of n?
6
Let m = 64 - 134. What is the tens digit of (48/32)/(1 - m/(-72))?
5
Suppose 0 = -5*t - 838 - 3082. What is the units digit of ((-1)/4)/(4/t)?
9
What is the units digit of 11/((-77)/42) + (-3 - -12)?
3
Suppose 0 = -y + g + 102 + 54, 0 = 4*y - 2*g - 624. Suppose 29*c = 25*c + y. What is the tens digit of c?
3
Suppose 0 = 3*v - 61 - 71. Suppose -5*p + 55 = -2*s, -5*p + v = -p - 2*s. What is the units digit of p?
1
Let v be 2 + 0 + -1*3. Let p be 1*((3 - -1) + v). Suppose 5*m - p*m = 36. What is the tens digit of m?
1
Suppose -5*q - 7 = -2*q - 5*y, -5*q + y = -3. Let m(j) = 54*j - 1. What is the units digit of m(q)?
3
Let k(q) = -q**2 - 23*q + 36. Suppose -23 = t - 1. What is the units digit of k(t)?
8
Let r(x) = 181*x + 149. What is the tens digit of r(5)?
5
Suppose 3*w - 7809 - 873 = 0. What is the thousands digit of w?
2
Suppose 0 = -2*i - 0*i + 10. Let o(f) = 2 - 4*f**2 + 2*f**2 - 3*f**3 + 4*f - i*f. What is the tens digit of o(-3)?
6
Let r(t) = -2*t**3 - 2*t**2 - 2*t - 3. Let o be r(-2). Suppose 2*n - o = -n. What is the units digit of ((-1)/n)/(4/(-60))?
5
Let w(r) = -5 + 4*r - 4 - 2*r**3 - 11*r**2 - 3*r - 4*r. What is the units digit of w(-6)?
5
Let u = 96 - 109. What is the hundreds digit of 272 + u + (-2 - 2)?
2
Let s be (-3)/(-1)*(-10)/(-6). Suppose 2*b = s*b - 321. Suppose 3*l - 1 = b. What is the tens digit of l?
3
Let t = -2 + 66. Suppose 0 = d - 38 - t. What is the tens digit of d?
0
Let i(n) = 8*n**3 - n**2 + 3*n - 1. What is the tens digit of i(2)?
6
What is the hundreds digit of 2 - 3873/(-21) - 6/14?
1
Suppose -4*o + 613 = -w, -o + 4*o = 4*w + 476. Suppose -o = -3*l - 0*l + 5*f, -f = -5. What is the tens digit of l?
5
Suppose 7 = 3*u - 95. Suppose 0 = 5*t - u - 16. Suppose -2*f + 12 = -2*n, 4*n - 5*n + t = f. What is the units digit of f?
8
Let y(g) = 3*g**3 - g**2 + 2. Let t(b) = 2*b + 17. Let l be t(-7). What is the units digit of y(l)?
4
Suppose 3*d - a + 4*a - 18 = 0, 12 = -2*d + 4*a. Suppose -2*f = -8, -2*m + f = -d*f - 140. What is the units digit of m?
6
Let g(h) = h**3 + 15*h**2 + 27*h + 29. Let f be g(-13). Let v(k) = -k**2 + 4. Let a be v(0). Suppose 0 = 5*s - f - a. What is the units digit of s?
4
Suppose 23314 = 9*a - 4757. What is the thousands digit of a?
3
What is the tens digit of (-1*(-1 + 164))/((-12)/24)?
2
Let g be -1 - -4 - 0/1. Suppose -g*b - 5 = 1. What is the tens digit of (-31)/2*(-4 - b)?
3
Suppose 0 = -3*w - 5*s - 13, -5*w = -3*s - 0 - 1. Let r = 0 - w. Let c = r - -14. What is the tens digit of c?
1
Let w(l) = 322*l + 376. What is the units digit of w(13)?
2
Let l = 7005 - 3350. What is the units digit of l?
5
Suppose 14*z - 67 = 45. Let y(p) be the second derivative of 2*p**3/3 - 11*p**2/2 + p. What is the tens digit of y(z)?
2
Let f(u) = -15*u**2 - 5*u - 3*u + 4*u**2 - u**3 - 8. What is the tens digit of f(-11)?
8
Let r(n) = n - 8. Let h be r(-6). Let g = -10 - h. Suppose -u + 0*u + g = 0. What is the units digit of u?
4
Suppose 0 = -4*n + 4*t + 448, -t - 61 = 4*n - 534. Let o be (-94)/(-8) - 2/(-8). Suppose n = -o*r + 15*r. What is the tens digit of r?
3
Suppose 6 = g - 3*g. Let r(p) = -10877*p**3 - 3 + 10875*p**3 + p + 0 - 3*p**2 + 9. What is the tens digit of r(g)?
3
Let v(x) = -x**2 - 4*x - 4. Let b be v(-3). Let t be (-33)/(-55)*(1 - -4). What is the units digit of (t/3 + -74)*b?
3
Let g = -782 + 380. Let q = -226 - g. What is the hundreds digit of q?
1
Let u = -82 - -90. What is the units digit of u/3 + -2 - (-1227)/9?
7
Let i(w) = -12*w + 13. Let z = 48 + -53. What is the units digit of i(z)?
3
Let q = -7 - -18. Suppose -7 = v + q. What is the tens digit of 4/v + (-1967)/(-63)?
3
Suppose -4*q + 5*q - 3*c - 9 = 0, 0 = 2*q - 5*c - 15. Suppose 252 = 4*w - q*w. What is the tens digit of w?
6
Let s(u) = 3*u + 2. Let z be s(1). Suppose 148 = z*x - x. What is the tens digit of x?
3
Suppose 3*h + 3*m - 121 = 2*h, 685 = 5*h - 5*m. Suppose -5*b + h + 267 = 0. What is the units digit of b?
0
Suppose 3*b = 5*v - 1844, -237 = -v - 4*b + 141. What is the hundreds digit of v?
3
What is the tens digit of 2572 + 16 + -13 + -12?
6
Suppose -29*z = -25*z - 4632. What is the thousands digit of z?
1
Suppose -3*t + 4*s - 8*s = -1340, 4*s + 860 = 2*t. Suppose -5*i = -5*u - t, 0*i - 3*u + 282 = 3*i. What is the units digit of i?
1
Let u be 3291/9 - 4/6. Suppose -3*m + u = -4*g + 8*g, 2*g = 3*m + 169. What is the units digit of g?
9
Let z(q) = q**2 + 8*q + 18. Let h(p) = -p**3 - p**2 + p - 9. Suppose -o = 3*o + 3*c - 12, -3*o + 12 = 3*c. Let v be h(o). What is the units digit of z(v)?
7
Suppose 0 = 64*q - 54*q - 29370. What is the units digit of q?
7
Let q(v) = 3*v + 2. Let r be q(0). Let p be ((-1)/r + 0)*122. What is the units digit of 0/4 - (p + 2)?
9
Suppose 4*k - 56 = 4*l, -9*k + 6*k = 3*l - 48. Let i(b) = b**2 - b. Let a be i(-3). What is the units digit of 8*(-1 + k/a)?
2
Let c(z) = 105*z - 117. What is the hundreds digit of c(10)?
9
Suppose 2*s + 4*r - 407 = r, 2*s = -4*r + 404. What is the units digit of s?
8
What is the hundreds digit of (-100)/(-40) + -2*(-2193)/12?
3
What is the hundreds digit of (-1635)/(-4) + (0 - (-9)/36)?
4
Suppose 2 = r + s + s, -2*s + 2 = 2*r. Suppose 0 = -r*a + a. Suppose 3 = -2*u + 5, a = 3*i + 5*u - 182. What is the units digit of i?
9
Suppose -5*p - 13 = r, -20 = -r + 2*p + 2. Suppose y - 3 = -0*j - 3*j, 0 = -3*j - 4*y + r. Suppose -2*c + c + 44 = j. What is the units digit of c?
4
Let h(z) be the first derivative of -z**2 + 142*z + 11. What is the hundreds digit of h(0)?
1
Let s be 1/10*-4*40. Let a = s - -16. Suppose a = -7*i + 3*i + 256. What is the units digit of i?
4
Suppose 17*y - 47 = 16*y. What is the units digit of y?
7
Let r(q) = -q + 41. Let c(f) = f**3 - 3*f**2 + f + 1. Let h be c(3). Let n be 6/(-39) - h/(-26). What is the units digit of r(n)?
1
Let m be 6/(4 + -10) + 5. Suppose -127 + 1387 = m*y. What is the hundreds digit of y?
3
Let z = 4002 + -1433. What is the hundreds digit of z/14 - 3/6?
1
Let c(a) = 4*a - 12. Let l be c(5). Let p(k) = 5*k - 2*k + 0*k. What is the tens digit of p(l)?
2
What is the tens digit of 4/(-10) + 8 + 27209/35?
8
Let k = -559 + 1224. What is the units digit of k?
5
Suppose 2*c + 20 = -74. Let q = c - -78. What is the tens digit of q?
3
Let j(u) = u**2 - u - 1. Let p be j(3). Let k(m) = 21*m - 41. Let n(z) = -11*z + 20. Let i(a) = -6*k(a) - 13*n(a). What is the tens digit of i(p)?
7
Suppose 8*v + 115 = 9*v - t, 5*t - 575 = -5*v. What is the tens digit of v?
1
Let h(k) = 5*k**3 + k**2 + 3*k - 3. Let q be h(1). Suppose g + q = z, -5*z + 3*g - 5 = -45. What is the units digit of z?
1
Let l = -10 - -5. Let b(j) = 4*j**2 - 6. Let t be b(l). Suppose -x = 4, 3*x - 4*x = -5*z + t. What is the tens digit of z?
1
Suppose -2*r - 1240 = -3468. What is the hundreds digit of r?
1
Let l be (-2)/4 + (-22)/(-4). Suppose y = -l + 18. What is the tens digit of y?
1
Suppose 3*o - 4 = 2*o. Suppose 4*a + o*m = 176, -m + 44 = a - 4*m. What is the tens digit of a?
4
Suppose -l + 0 = 3, l - 135 = 3*g. Let c = -15 - g. What is the tens digit of c?
3
What is the hundreds digit of 1196/(-182)*(-1 - 27)?
1
Let s = 34 + -46. What is the hundreds digit of 11